281
List the prime factors of ((-3752)/21 + 4)*-3.
2, 131
Let f = -149 - -222. What are the prime factors of f - (2 - 2 - 0)?
73
Let r(j) = j**3 + 6*j**2 + 2*j + 8. Let a be r(-6). Suppose -4 = -2*z, 4*n - 4*z = -27 - 5. What are the prime factors of (a/n)/((-12)/(-198))?
11
Let o(s) be the first derivative of -3*s**3 - s**2/2 + s - 1. Let v be o(5). Let c = -160 - v. What are the prime factors of c?
3, 23
Let c be (0 - 1)*1*(-44 + 3). Let h = -83 + 54. Let d = c + h. What are the prime factors of d?
2, 3
Suppose 3*x = -4*r + 7159, 5*x - 2*r = 4*x + 2393. What are the prime factors of x?
2389
Suppose 0 = 4*r + h - 13844 - 483, 0 = -5*r - 2*h + 17908. What are the prime factors of r?
2, 3, 199
Let l be ((-3)/(-6))/((-3)/(-180)*2). Let v(i) = 5*i + 41. What are the prime factors of v(l)?
2, 29
Let m(h) be the third derivative of 0*h - 4*h**2 + 1/6*h**4 + 1/60*h**5 + 1/2*h**3 + 0. What are the prime factors of m(-7)?
2, 3
Suppose 0 = -b + 2*b - 5. Suppose -o - 61 = -k - 2*o, -3*k + 151 = -b*o. List the prime factors of k.
3, 19
Let r(v) = 700*v + 7. List the prime factors of r(1).
7, 101
Let z = -33 - -33. What are the prime factors of z/3 - (-6 - -4)?
2
Let c(n) = 12*n + 2. Let z(f) = f - 13. Let l be z(14). Let u be c(l). Suppose -u = -b + 13. List the prime factors of b.
3
Let m(c) = -c**2 + 62*c - 52. List the prime factors of m(25).
3, 97
Let p(l) = -15*l**3 - 2*l - 1. Let x = 42 - 29. Let o = -14 + x. List the prime factors of p(o).
2
Suppose -8*y - 4000 = -12*y. Suppose 0 = -16*w + 11*w + y. List the prime factors of w.
2, 5
Let g be (0 + 1)/((-1)/(-118)). Let s = 190 - g. What are the prime factors of s?
2, 3
Let x = -49 - -105. Suppose 45*z - 28*z = -289. Let k = z + x. What are the prime factors of k?
3, 13
Let u(s) = 22*s + 177. What are the prime factors of u(11)?
419
Let q(n) = 277*n**2 - 46*n + 93. What are the prime factors of q(2)?
1109
Let q(k) = k**3 - 12*k**2 - 2*k - 16. Let w be q(12). What are the prime factors of (-1405)/w - 2/16?
5, 7
Suppose 0*s = -s - 1. Let u(w) = -w**2 + w + 1. Let i(g) = 3*g**2 - 12*g - 11. Let p(f) = s*i(f) - 2*u(f). What are the prime factors of p(10)?
3
Suppose 0 = -3*o + 3*i + 21, -2*i = -o - 4*i + 10. Suppose -3*y = o - 326. List the prime factors of y.
2, 53
Suppose -3*d + 8*d + 65 = 0. Let y = d - -16. Suppose -5*j - 189 = -y*i, 3*i - 178 - 2 = 2*j. List the prime factors of i.
2, 29
List the prime factors of ((-12)/42 - (-108)/(-14)) + 3278.
2, 3, 5, 109
Suppose -2*o = -11*o + 4041. List the prime factors of o.
449
Let l = 1 - 1. Suppose 474 = -3*p + 789. Suppose -3*a + p = -l*a. List the prime factors of a.
5, 7
Let m(q) = -2*q - 12. Let z be m(-9). Suppose 3*x - z = -0*x. What are the prime factors of (-261)/(-15) - x/5?
17
Suppose 5*x + 2*c - 2542 = 0, -4*c - c = 2*x - 1000. What are the prime factors of x?
2, 3, 5, 17
Suppose 0 = p + p + 4. Let j be ((-8)/(-6))/(p/(-6)). Suppose 3*k - j*k + 9 = 0. What are the prime factors of k?
3
Let x(v) = 7*v**3 - 4*v**2 - 2*v + 7. List the prime factors of x(5).
2, 193
List the prime factors of (34/8)/(22/(-44))*-156.
2, 3, 13, 17
Let h be (-1 - (-1218)/4)/((-16)/(-32)). Suppose -2*r + d - h = -5*r, 2*r = 4*d + 414. List the prime factors of r.
7, 29
Let m be 8/(-4)*(0 - 2). Suppose -35 = -r - 2*k - 3*k, 0 = 2*r + m*k - 58. What are the prime factors of r?
5
Let o = 0 + 16. Let g = -11 + o. Suppose -g*m + 156 - 31 = 0. List the prime factors of m.
5
Let b = -6 + 16. Let l(y) = 4 + 6 - 42*y**2 + 44*y**2 + b*y. List the prime factors of l(-7).
2, 19
Let z(d) be the first derivative of -d**3/3 - 19*d**2/2 - 26*d + 16. What are the prime factors of z(-11)?
2, 31
Suppose -3*u = 3*r - 48, -4*r - 34 = -2*u + 22. Suppose -1470 - 1390 = -u*m. List the prime factors of m.
11, 13
Suppose -14*c = -4*c - 650. Let b = 10 + -43. Let p = b + c. What are the prime factors of p?
2
Let r(y) = -y - 6. Let p be r(-6). Suppose k + 3*k = -4*d + 592, p = -4*k + 2*d + 574. What are the prime factors of 3 + (-1 + k)/4?
3, 13
Suppose 5*l + 5*k + 24 = 4, -5*l - 3*k - 24 = 0. Let a(x) = -2*x - 6. Let i be a(l). Suppose -3*y = i - 63. List the prime factors of y.
19
Let r = -31 + 16. Let p = r - -14. Let o = p + 24. What are the prime factors of o?
23
Let f be ((-10)/(-20))/((-2)/(-156)). Suppose 0 = -5*r - f + 369. List the prime factors of r.
2, 3, 11
Let f(o) = o**2 - 4*o + 4. Let s be f(2). Suppose -2*v + 15 + 49 = s. List the prime factors of v.
2
Let j be (-6 - 0)/(-3) + -37. Let h = -32 - j. What are the prime factors of h?
3
Let n = 23 + -22. List the prime factors of -4 - (-193 + n - (-3 + 2)).
11, 17
Suppose 0 = 8*u + 6*u - 140. Suppose 13*t - u*t - 414 = 0. What are the prime factors of t?
2, 3, 23
Let n = -10 + 13. Suppose -73 = -n*a - 2*a - 2*d, -4 = 4*d. What are the prime factors of 2/(-2)*(1 - a)?
2, 7
Let s = 13 + -36. Let q = s - -14. List the prime factors of 2/q - (-256)/18.
2, 7
Let w(h) be the first derivative of -h**3/6 + 7*h**2/2 + h + 2. Let n(i) be the first derivative of w(i). What are the prime factors of n(-5)?
2, 3
Suppose 0 = -5*w + 3*m + 2371 - 310, 2 = -m. What are the prime factors of w?
3, 137
List the prime factors of (3 - 0) + (-2)/((-2)/2877).
2, 3, 5
Suppose -5*n + 0*n = -15. Suppose 3*l - 6 = -3*h + n, 4*l = h - 8. Suppose -5*j + i + 50 = 0, h*i + 50 = 5*j + 2*i. List the prime factors of j.
2, 5
Let h be (84/(-16))/((-6)/16). Suppose 0 = -4*q + 4*u + h - 98, 0 = u - 1. Let v = q - -39. List the prime factors of v.
19
Let r = 284 + -259. Suppose -22 = -n - 2*i - 2*i, -25 = -5*i. List the prime factors of (40/r)/(n/40).
2
Let r be (10/(-4))/((-3)/162). Suppose -m - 4*a = -20, -m - 5*a + r = 3*m. List the prime factors of (-6)/3*-1 + m.
2, 3, 7
Suppose -8*k + 33958 = -2626. List the prime factors of k.
17, 269
Suppose 18*g - 5730 = -12*g. List the prime factors of g.
191
Let o(l) = 8*l - 27. Let p(s) = -s. Let y(h) = o(h) - 5*p(h). What are the prime factors of y(7)?
2
Let a = 1559 + -1064. List the prime factors of a.
3, 5, 11
Let m be (32/12)/((-3)/(-9)). Suppose 120 = m*x - 6*x. What are the prime factors of x?
2, 3, 5
Let p(x) = 1325*x - 18. List the prime factors of p(1).
1307
Let m be -3*2/((-2)/1). Let j = m + -1. Suppose -j*u + 5*u - 12 = 0. What are the prime factors of u?
2
Let k(r) be the second derivative of r**4/12 + 21*r**2/2 - 26*r. What are the prime factors of k(-9)?
2, 3, 17
Suppose 3*m = 4*n - 226, 5*m = 5*n - n - 230. Let d be (-2)/(-10) - (-44)/n. What are the prime factors of (35 - d) + -14 + 10?
2, 3, 5
Suppose 0 = 8*t - 1705 - 2999. Suppose -5*z = -z - t. What are the prime factors of z?
3, 7
Let u = 783 - 556. List the prime factors of u.
227
Suppose 4*i - 1076 = -5*n + n, n - 811 = -3*i. List the prime factors of i.
271
Let w be ((-1)/(-2))/(4/40). Suppose w*z + 9 = -u + 472, 0 = 2*z + 4*u - 196. What are the prime factors of z?
2, 23
Suppose 364 = g + 365, -3*g + 17541 = 3*k. List the prime factors of k.
2, 17, 43
Let f = 326 - 230. Suppose i = -24 + f. What are the prime factors of i?
2, 3
Let t be 10/(-4)*(-32)/(-20). Let i(f) = 7 + f**2 - 2*f**2 - 2 + 0*f**2 - 5*f. What are the prime factors of i(t)?
3
List the prime factors of 357 + (-42)/(-7) + -9.
2, 3, 59
Let k = 57 - 63. List the prime factors of k/39 - (48/26 - 4).
2
Let g(r) = -r**2 + 5*r - 6. Let o be g(3). Let i(x) = x + 36. Let h be i(o). List the prime factors of h - ((-3)/(-1))/(-3).
37
Suppose 60 - 56 = 2*u. Suppose -2*d = 4, 16 = 5*y + u*d - 190. List the prime factors of y.
2, 3, 7
Let k(w) = w + 2. Let i be k(-3). Let p = 5 - i. Suppose -14 - p = -j. What are the prime factors of j?
2, 5
Let z(u) = u**3 + 6*u**2 + 3*u. Let b(s) be the first derivative of s**2/2 + 3*s - 7. Let t be b(-7). List the prime factors of z(t).
2, 5
Suppose -11*b - 16 + 5 = 0. List the prime factors of (-1)/(-3)*b + 976/12.
3
Let q be -4 + 3 - -1 - 4. Let z(t) = t**2 + 4*t - 4. Let x be z(q). List the prime factors of 2*x/8 + 44.
43
Let m(o) = o**2 - o + 2. Let b be m(2). Let x = b - 1. List the prime factors of x/(1 + -4) - -26.
5
Suppose 23 = -2*i + 6*i - 3*w, 3*i = -2*w - 4. Suppose i*y - 3*y = -3. Suppose -33 = -3*g + y. What are the prime factors of g?
2, 3
Let y be 4/(-30) - (-2387)/465. Let z = -27 + 47. Suppose -z = -l - y. List the prime factors of l.
3, 5
Let 